{"id":188,"date":"2024-06-06T19:33:55","date_gmt":"2024-06-06T17:33:55","guid":{"rendered":"https:\/\/aspttrouen-athletisme.fr\/?page_id=188"},"modified":"2026-01-22T21:36:10","modified_gmt":"2026-01-22T20:36:10","slug":"inscriptions","status":"publish","type":"page","link":"https:\/\/aspttrouen-athletisme.fr\/index.php\/inscriptions\/","title":{"rendered":"Inscriptions"},"content":{"rendered":"\n<p>Les pr\u00e9-inscriptions pour la saison 2025\/2026 sont \u00e0 faire sur ce lien : <br><a href=\"https:\/\/docs.google.com\/forms\/d\/e\/1FAIpQLSfLEFeHgNId6BEIjwbDpCjS3GieeqfMLVtBXBc6vjCe9wtceg\/viewform\" target=\"_blank\" rel=\"noreferrer noopener\"><strong><mark style=\"background-color:rgba(0, 0, 0, 0)\" class=\"has-inline-color has-accent-color\">Saison 2025\/2026 &#8211; Formulaire de pr\u00e9-inscription ou de mutation &#8211; ASPTT Rouen Athl\u00e9tisme<\/mark><\/strong><\/a><\/p>\n\n\n\n<p>Le dossier d&rsquo;inscription pour la saison 2025\/2026 est disponible <strong><a href=\"https:\/\/aspttrouen-athletisme.fr\/wp-content\/uploads\/2025\/09\/BA-athle-2026-2026-Vertical-V2-1.pdf\" data-type=\"link\" data-id=\"https:\/\/aspttrouen-athletisme.fr\/wp-content\/uploads\/2025\/09\/BA-athle-2026-2026-Vertical-V2-1.pdf\" target=\"_blank\" rel=\"noreferrer noopener\"><mark style=\"background-color:rgba(0, 0, 0, 0)\" class=\"has-inline-color has-accent-color\">en t\u00e9l\u00e9chargement ici<\/mark><\/a><\/strong><\/p>\n\n\n\n<p>Les dossiers sont \u00e0 d\u00e9poser au stade aupr\u00e8s d&rsquo;un dirigeant ou \u00e0 envoyer par voie postale \u00e0 l&rsquo;adresse :<br>ASPTT Rouen athl\u00e9tisme<br>Stade Marcel Lemire<br>Site de la Petite Bouverie<br>24 All\u00e9e Pierre de Coubertin<br>76000 ROUEN<\/p>\n\n\n\n<figure class=\"wp-block-image size-full is-resized\"><img loading=\"lazy\" decoding=\"async\" width=\"1730\" height=\"466\" src=\"https:\/\/aspttrouen-athletisme.fr\/wp-content\/uploads\/2025\/06\/Capture-decran-2025-06-28-a-11.13.49.png\" alt=\"\" class=\"wp-image-873\" style=\"width:545px;height:auto\" srcset=\"https:\/\/aspttrouen-athletisme.fr\/wp-content\/uploads\/2025\/06\/Capture-decran-2025-06-28-a-11.13.49.png 1730w, https:\/\/aspttrouen-athletisme.fr\/wp-content\/uploads\/2025\/06\/Capture-decran-2025-06-28-a-11.13.49-300x81.png 300w, https:\/\/aspttrouen-athletisme.fr\/wp-content\/uploads\/2025\/06\/Capture-decran-2025-06-28-a-11.13.49-1024x276.png 1024w, https:\/\/aspttrouen-athletisme.fr\/wp-content\/uploads\/2025\/06\/Capture-decran-2025-06-28-a-11.13.49-768x207.png 768w, https:\/\/aspttrouen-athletisme.fr\/wp-content\/uploads\/2025\/06\/Capture-decran-2025-06-28-a-11.13.49-1536x414.png 1536w\" sizes=\"auto, (max-width: 1730px) 100vw, 1730px\" \/><\/figure>\n\n\n\n<p>Les montants des cotisations pour la saison 2025\/2026 sont :<\/p>\n\n\n\n<figure class=\"wp-block-table\"><table><tbody><tr><td>Type et Cat\u00e9gories de licence<\/td><td>Ann\u00e9es de naissance<\/td><td>1\u00e8re licence au club<\/td><td>Au club pr\u00e9c\u00e9demment<\/td><\/tr><tr><td>Sport adapt\u00e9 \/ handisport, licence FFSA ou FFH<\/td><td>2010 et avant<\/td><td>120 euros<\/td><td>120 euros<\/td><\/tr><tr><td>1 activit\u00e9 : Sport-sant\u00e9 ou Remise en forme ou Nordic fit ou Athl\u00e9 fit , licence forme-sant\u00e9<\/td><td>2010 et avant<\/td><td>145 euros<\/td><td>145 euros<\/td><\/tr><tr><td>Marche nordique (cours de remise en forme et nordic&rsquo;fit inclus), licence forme-sant\u00e9<\/td><td>2010 et avant<\/td><td>195 euros<\/td><td>195 euros<\/td><\/tr><tr><td>Marche nordique comp\u00e9tition, licence comp\u00e9tition<\/td><td>2010 et avant<\/td><td>230 euros<\/td><td>195 euros<\/td><\/tr><tr><td>Running forme ou trail, licence running ou comp\u00e9tition<\/td><td>2010 et avant<\/td><td>175 euros<\/td><td>175 euros<\/td><\/tr><tr><td>Baby athl\u00e9 \/ Eveils \/ Poussins, licence jeunes d\u00e9couverte<\/td><td>2015 \u00e0 2021<\/td><td>200 euros<\/td><td>200 euros<\/td><\/tr><tr><td>Benjamin(e)s 1\u00e8re ann\u00e9e, licence comp\u00e9tition<\/td><td>2014<\/td><td>220 euros<\/td><td>220 euros<\/td><\/tr><tr><td>Benjamin(e)s 2\u00e8me ann\u00e9e \/ minimes \/ cadets \u00e0 Masters, comp\u00e9tition<\/td><td>2013 et avant<\/td><td>220 euros<\/td><td>185 euros<\/td><\/tr><tr><td>Officiels et dirigeants &#8211; FFA<\/td><td><\/td><td>80 euros<\/td><td>80 euros<\/td><\/tr><tr><td>Volontaire &#8211; FFASPTT<\/td><td><\/td><td>50 euros<\/td><td>50 euros<\/td><\/tr><\/tbody><\/table><figcaption class=\"wp-element-caption\">N.B. : les textiles et maillots de club sont remis lors des participations au animations et comp\u00e9tition<br>Option achat maillot de comp\u00e9tition : 35 euros<\/figcaption><\/figure>\n\n\n\n<p>R\u00e9ductions pour plusieurs licences dans une m\u00eame famille&nbsp;: 3\u00e8me licence&nbsp;: \u2013 30 \u20ac \/ 4\u00e8me licence&nbsp;: \u2013 40\u20ac \/ 5\u00e8me licence&nbsp;: \u2013 50\u20ac<\/p>\n","protected":false},"excerpt":{"rendered":"<p>Les pr\u00e9-inscriptions pour la saison 2025\/2026 sont \u00e0 faire sur ce lien : Saison 2025\/2026 &#8211; Formulaire de pr\u00e9-inscription ou de mutation &#8211; ASPTT Rouen Athl\u00e9tisme Le dossier d&rsquo;inscription pour&#8230;<\/p>\n","protected":false},"author":1,"featured_media":0,"parent":0,"menu_order":0,"comment_status":"closed","ping_status":"closed","template":"","meta":{"footnotes":""},"folder":[],"class_list":["post-188","page","type-page","status-publish","hentry"],"_links":{"self":[{"href":"https:\/\/aspttrouen-athletisme.fr\/index.php\/wp-json\/wp\/v2\/pages\/188","targetHints":{"allow":["GET"]}}],"collection":[{"href":"https:\/\/aspttrouen-athletisme.fr\/index.php\/wp-json\/wp\/v2\/pages"}],"about":[{"href":"https:\/\/aspttrouen-athletisme.fr\/index.php\/wp-json\/wp\/v2\/types\/page"}],"author":[{"embeddable":true,"href":"https:\/\/aspttrouen-athletisme.fr\/index.php\/wp-json\/wp\/v2\/users\/1"}],"replies":[{"embeddable":true,"href":"https:\/\/aspttrouen-athletisme.fr\/index.php\/wp-json\/wp\/v2\/comments?post=188"}],"version-history":[{"count":23,"href":"https:\/\/aspttrouen-athletisme.fr\/index.php\/wp-json\/wp\/v2\/pages\/188\/revisions"}],"predecessor-version":[{"id":1210,"href":"https:\/\/aspttrouen-athletisme.fr\/index.php\/wp-json\/wp\/v2\/pages\/188\/revisions\/1210"}],"wp:attachment":[{"href":"https:\/\/aspttrouen-athletisme.fr\/index.php\/wp-json\/wp\/v2\/media?parent=188"}],"wp:term":[{"taxonomy":"folder","embeddable":true,"href":"https:\/\/aspttrouen-athletisme.fr\/index.php\/wp-json\/wp\/v2\/folder?post=188"}],"curies":[{"name":"wp","href":"https:\/\/api.w.org\/{rel}","templated":true}]}}